{"id":9,"date":"2021-05-17T00:40:36","date_gmt":"2021-05-16T23:40:36","guid":{"rendered":"https:\/\/artisansdepanneur.wordpress.com\/?page_id=9"},"modified":"2021-05-17T00:40:36","modified_gmt":"2021-05-16T23:40:36","slug":"about","status":"publish","type":"page","link":"https:\/\/intervention-serrurier-express.fr\/Accueil\/about\/","title":{"rendered":"Qui sommes nous ?"},"content":{"rendered":"\n<div style=\"height:20px;\" aria-hidden=\"true\" class=\"wp-block-spacer\"><\/div>\n\n\n\n<div class=\"wp-block-group alignfull\"><div class=\"wp-block-group__inner-container is-layout-flow wp-block-group-is-layout-flow\">\n<div class=\"wp-block-jetpack-layout-grid alignfull column1-desktop-grid__span-3 column1-desktop-grid__start-2 column1-desktop-grid__row-1 column2-desktop-grid__span-6 column2-desktop-grid__start-6 column2-desktop-grid__row-1 column1-tablet-grid__span-3 column1-tablet-grid__row-1 column2-tablet-grid__span-5 column2-tablet-grid__start-4 column2-tablet-grid__row-1 column1-mobile-grid__span-4 column1-mobile-grid__row-1 column2-mobile-grid__span-4 column2-mobile-grid__row-2\">\n<div class=\"wp-block-jetpack-layout-grid-column wp-block-jetpack-layout-grid__padding-none\">\n<figure class=\"wp-block-image size-large is-resized is-style-circle-mask\"><img fetchpriority=\"high\" decoding=\"async\" src=\"http:\/\/serrurier34.local\/wp-content\/uploads\/2021\/05\/cropped-logo-2.png?w=512\" alt=\"\" class=\"wp-image-148\" width=\"287\" height=\"287\" srcset=\"https:\/\/intervention-serrurier-express.fr\/wp-content\/uploads\/2021\/05\/cropped-logo-2.png 512w, https:\/\/intervention-serrurier-express.fr\/wp-content\/uploads\/2021\/05\/cropped-logo-2-300x300.png 300w, https:\/\/intervention-serrurier-express.fr\/wp-content\/uploads\/2021\/05\/cropped-logo-2-150x150.png 150w\" sizes=\"(max-width: 287px) 100vw, 287px\" \/><\/figure>\n<\/div>\n\n\n\n<div class=\"wp-block-jetpack-layout-grid-column wp-block-jetpack-layout-grid__padding-none\">\n<h2 class=\"wp-block-heading\">Serrurier agr\u00e9\u00e9 assurance<\/h2>\n\n\n\n<hr class=\"wp-block-separator\" \/>\n\n\n\n<p>Afin d&rsquo;ob\u00e9ir aux besoins de notre client\u00e8le, notre&nbsp;<strong>entreprise de serrurerie<\/strong>&nbsp;sur Montpellier et intervenant sur l&rsquo;ensemble la r\u00e9gion vous garantit une prestation de qualit\u00e9.<\/p>\n\n\n\n<p>L&rsquo;<strong>expertise<\/strong>&nbsp;de notre serrurier touche tous les probl\u00e8mes li\u00e9s \u00e0 la serrurerie. Ce professionnalisme nous a permis de d\u00e9crocher des agr\u00e9ments avec la majorit\u00e9 des compagnies d&rsquo;assurance dont nous somme ager\u00e9e.<\/p>\n\n\n\n<p>Faire appel \u00e0 nos&nbsp;<strong>serruriers agr\u00e9es assurances<\/strong>&nbsp;et mandat\u00e9s par les compagnies d&rsquo;assurances vous b\u00e9n\u00e9ficiera de prestations au juste prix et conformes aux exigences des compagnies assurances avec bien s\u00fbr une garantie de r\u00e9alisation des&nbsp;<strong>travaux serrurier<\/strong>&nbsp;de d\u00e9pannage et r\u00e9paration dans les meilleurs d\u00e9lais.<\/p>\n\n\n\n<figure class=\"wp-block-image\"><img decoding=\"async\" src=\"https:\/\/www.serrurierparis.paris\/img\/serrurier-paris-agree-assurances.jpg\" alt=\"Serrurier agr\u00e9\u00e9 par les assurances\" loading=\"lazy\" \/><\/figure>\n\n\n\n<h2 class=\"wp-block-heading\">Remplacement de serrure toute marque<\/h2>\n\n\n\n<hr class=\"wp-block-separator\" \/>\n\n\n\n<p>Nos artisans&nbsp;<strong>serruriers sur Paris<\/strong>&nbsp;sont qualifi\u00e9s et exp\u00e9riment\u00e9s dans le d\u00e9pannage de serrurerie tous locaux (Appartement, bureau, commercie, immeuble, local industriel, h\u00f4tel, &#8230;). Ils sont capables de monter et changer n&rsquo;importe quelle type et marque de porte (que ce soit blind\u00e9e, en bois, en PVC, en Alluminum, &#8230;), serrure (de la serrure 3 points jusqu&rsquo;\u00e0 la serrure 7 points), cylindre, blindage et s\u00e9curit\u00e9, store, rideau, volet, &#8230;<\/p>\n\n\n\n<p><strong>NB<\/strong>: La liste ci-dessous de marques de serrurerie est donn\u00e9e juste \u00e0 titre indicatif.<\/p>\n\n\n\n<figure class=\"wp-block-image\"><a href=\"https:\/\/www.serrurierparis.paris\/#\"><img decoding=\"async\" src=\"https:\/\/www.serrurierparis.paris\/img\/jpm-min.jpg\" alt=\"jpm\" loading=\"lazy\" \/><\/a><\/figure>\n\n\n\n<figure class=\"wp-block-image\"><a href=\"https:\/\/www.serrurierparis.paris\/#\"><img decoding=\"async\" src=\"https:\/\/www.serrurierparis.paris\/img\/maaf-min.jpg\" alt=\"maaf\" loading=\"lazy\" \/><\/a><\/figure>\n\n\n\n<figure class=\"wp-block-image\"><a href=\"https:\/\/www.serrurierparis.paris\/#\"><img decoding=\"async\" src=\"https:\/\/www.serrurierparis.paris\/img\/macif-min.jpg\" alt=\"macif\" loading=\"lazy\" \/><\/a><\/figure>\n\n\n\n<figure class=\"wp-block-image\"><a href=\"https:\/\/www.serrurierparis.paris\/#\"><img decoding=\"async\" src=\"https:\/\/www.serrurierparis.paris\/img\/reelax-min.jpg\" alt=\"reelax\" loading=\"lazy\" \/><\/a><\/figure>\n\n\n\n<figure class=\"wp-block-image\"><a href=\"https:\/\/www.serrurierparis.paris\/#\"><img decoding=\"async\" src=\"https:\/\/www.serrurierparis.paris\/img\/vachette-min.jpg\" alt=\"vachette\" loading=\"lazy\" \/><\/a><\/figure>\n\n\n\n<figure class=\"wp-block-image\"><a href=\"https:\/\/www.serrurierparis.paris\/#\"><img decoding=\"async\" src=\"https:\/\/www.serrurierparis.paris\/img\/agf-min.jpg\" alt=\"agf\" loading=\"lazy\" \/><\/a><\/figure>\n\n\n\n<figure class=\"wp-block-image\"><a href=\"https:\/\/www.serrurierparis.paris\/#\"><img decoding=\"async\" src=\"https:\/\/www.serrurierparis.paris\/img\/dom-min.jpg\" alt=\"dom\" loading=\"lazy\" \/><\/a><\/figure>\n\n\n\n<figure class=\"wp-block-image\"><a href=\"https:\/\/www.serrurierparis.paris\/#\"><img decoding=\"async\" src=\"https:\/\/www.serrurierparis.paris\/img\/allianz-min.jpg\" alt=\"allianz\" loading=\"lazy\" \/><\/a><\/figure>\n\n\n\n<figure class=\"wp-block-image\"><a href=\"https:\/\/www.serrurierparis.paris\/#\"><img decoding=\"async\" src=\"https:\/\/www.serrurierparis.paris\/img\/axa-min.jpg\" alt=\"axa\" loading=\"lazy\" \/><\/a><\/figure>\n\n\n\n<figure class=\"wp-block-image\"><a href=\"https:\/\/www.serrurierparis.paris\/#\"><img decoding=\"async\" src=\"https:\/\/www.serrurierparis.paris\/img\/bricard-min.jpg\" alt=\"bricard\" loading=\"lazy\" \/><\/a><\/figure>\n\n\n\n<figure class=\"wp-block-image\"><a href=\"https:\/\/www.serrurierparis.paris\/#\"><img decoding=\"async\" src=\"https:\/\/www.serrurierparis.paris\/img\/fichet-min.jpg\" alt=\"fichet\" loading=\"lazy\" \/><\/a><\/figure>\n\n\n\n<figure class=\"wp-block-image\"><a href=\"https:\/\/www.serrurierparis.paris\/#\"><img decoding=\"async\" src=\"https:\/\/www.serrurierparis.paris\/img\/gmf-min.jpg\" alt=\"gmf\" loading=\"lazy\" \/><\/a><\/figure>\n\n\n\n<figure class=\"wp-block-image\"><a href=\"https:\/\/www.serrurierparis.paris\/#\"><img decoding=\"async\" src=\"https:\/\/www.serrurierparis.paris\/img\/groupama-min.jpg\" alt=\"groupama\" loading=\"lazy\" \/><\/a><\/figure>\n<\/div>\n<\/div>\n<\/div><\/div>\n","protected":false},"excerpt":{"rendered":"<p>Serrurier agr\u00e9\u00e9 assurance Afin d&rsquo;ob\u00e9ir aux besoins de notre client\u00e8le, notre&nbsp;entreprise de serrurerie&nbsp;sur Montpellier et intervenant sur l&rsquo;ensemble la r\u00e9gion vous garantit une prestation de qualit\u00e9. L&rsquo;expertise&nbsp;de notre serrurier touche tous les probl\u00e8mes li\u00e9s \u00e0 la serrurerie. Ce professionnalisme nous a permis de d\u00e9crocher des agr\u00e9ments avec la majorit\u00e9 des compagnies d&rsquo;assurance dont nous somme [&hellip;]<\/p>\n","protected":false},"author":1,"featured_media":0,"parent":0,"menu_order":0,"comment_status":"closed","ping_status":"closed","template":"","meta":{"footnotes":""},"class_list":["post-9","page","type-page","status-publish","czr-hentry"],"yoast_head":"<!-- This site is optimized with the Yoast SEO plugin v27.6 - https:\/\/yoast.com\/product\/yoast-seo-wordpress\/ -->\n<title>Urgence D\u00e9pannage Serrurerie Vitrerie<\/title>\n<meta name=\"robots\" content=\"index, follow, max-snippet:-1, max-image-preview:large, max-video-preview:-1\" \/>\n<link rel=\"canonical\" href=\"https:\/\/intervention-serrurier-express.fr\/Accueil\/about\/\" \/>\n<meta property=\"og:locale\" content=\"fr_FR\" \/>\n<meta property=\"og:type\" content=\"article\" \/>\n<meta property=\"og:title\" content=\"Qui sommes nous ? - Urgence D\u00e9pannage Serrurerie Vitrerie\" \/>\n<meta property=\"og:description\" content=\"Serrurier agr\u00e9\u00e9 assurance Afin d&rsquo;ob\u00e9ir aux besoins de notre client\u00e8le, notre&nbsp;entreprise de serrurerie&nbsp;sur Montpellier et intervenant sur l&rsquo;ensemble la r\u00e9gion vous garantit une prestation de qualit\u00e9. L&rsquo;expertise&nbsp;de notre serrurier touche tous les probl\u00e8mes li\u00e9s \u00e0 la serrurerie. Ce professionnalisme nous a permis de d\u00e9crocher des agr\u00e9ments avec la majorit\u00e9 des compagnies d&rsquo;assurance dont nous somme [&hellip;]\" \/>\n<meta property=\"og:url\" content=\"https:\/\/intervention-serrurier-express.fr\/Accueil\/about\/\" \/>\n<meta property=\"og:site_name\" content=\"Urgence D\u00e9pannage Serrurerie Vitrerie\" \/>\n<meta property=\"og:image\" content=\"http:\/\/serrurier34.local\/wp-content\/uploads\/2021\/05\/cropped-logo-2.png?w=512\" \/>\n<meta name=\"twitter:card\" content=\"summary_large_image\" \/>\n<meta name=\"twitter:label1\" content=\"Dur\u00e9e de lecture estim\u00e9e\" \/>\n\t<meta name=\"twitter:data1\" content=\"1 minute\" \/>\n<script type=\"application\/ld+json\" class=\"yoast-schema-graph\">{\"@context\":\"https:\\\/\\\/schema.org\",\"@graph\":[{\"@type\":\"WebPage\",\"@id\":\"https:\\\/\\\/intervention-serrurier-express.fr\\\/Accueil\\\/about\\\/\",\"url\":\"https:\\\/\\\/intervention-serrurier-express.fr\\\/Accueil\\\/about\\\/\",\"name\":\"Qui sommes nous ? - Urgence D\u00e9pannage Serrurerie Vitrerie\",\"isPartOf\":{\"@id\":\"https:\\\/\\\/intervention-serrurier-express.fr\\\/Accueil\\\/#website\"},\"primaryImageOfPage\":{\"@id\":\"https:\\\/\\\/intervention-serrurier-express.fr\\\/Accueil\\\/about\\\/#primaryimage\"},\"image\":{\"@id\":\"https:\\\/\\\/intervention-serrurier-express.fr\\\/Accueil\\\/about\\\/#primaryimage\"},\"thumbnailUrl\":\"http:\\\/\\\/serrurier34.local\\\/wp-content\\\/uploads\\\/2021\\\/05\\\/cropped-logo-2.png?w=512\",\"datePublished\":\"2021-05-16T23:40:36+00:00\",\"breadcrumb\":{\"@id\":\"https:\\\/\\\/intervention-serrurier-express.fr\\\/Accueil\\\/about\\\/#breadcrumb\"},\"inLanguage\":\"fr-FR\",\"potentialAction\":[{\"@type\":\"ReadAction\",\"target\":[\"https:\\\/\\\/intervention-serrurier-express.fr\\\/Accueil\\\/about\\\/\"]}]},{\"@type\":\"ImageObject\",\"inLanguage\":\"fr-FR\",\"@id\":\"https:\\\/\\\/intervention-serrurier-express.fr\\\/Accueil\\\/about\\\/#primaryimage\",\"url\":\"http:\\\/\\\/serrurier34.local\\\/wp-content\\\/uploads\\\/2021\\\/05\\\/cropped-logo-2.png?w=512\",\"contentUrl\":\"http:\\\/\\\/serrurier34.local\\\/wp-content\\\/uploads\\\/2021\\\/05\\\/cropped-logo-2.png?w=512\"},{\"@type\":\"BreadcrumbList\",\"@id\":\"https:\\\/\\\/intervention-serrurier-express.fr\\\/Accueil\\\/about\\\/#breadcrumb\",\"itemListElement\":[{\"@type\":\"ListItem\",\"position\":1,\"name\":\"Accueil\",\"item\":\"https:\\\/\\\/intervention-serrurier-express.fr\\\/Accueil\\\/\"},{\"@type\":\"ListItem\",\"position\":2,\"name\":\"Qui sommes nous ?\"}]},{\"@type\":\"WebSite\",\"@id\":\"https:\\\/\\\/intervention-serrurier-express.fr\\\/Accueil\\\/#website\",\"url\":\"https:\\\/\\\/intervention-serrurier-express.fr\\\/Accueil\\\/\",\"name\":\"Urgence D\u00e9pannage Serrurerie Vitrerie\",\"description\":\"Intervention Rapide 24h\\\/24 , 7j\\\/7\",\"publisher\":{\"@id\":\"https:\\\/\\\/intervention-serrurier-express.fr\\\/Accueil\\\/#organization\"},\"potentialAction\":[{\"@type\":\"SearchAction\",\"target\":{\"@type\":\"EntryPoint\",\"urlTemplate\":\"https:\\\/\\\/intervention-serrurier-express.fr\\\/Accueil\\\/?s={search_term_string}\"},\"query-input\":{\"@type\":\"PropertyValueSpecification\",\"valueRequired\":true,\"valueName\":\"search_term_string\"}}],\"inLanguage\":\"fr-FR\"},{\"@type\":\"Organization\",\"@id\":\"https:\\\/\\\/intervention-serrurier-express.fr\\\/Accueil\\\/#organization\",\"name\":\"URGENCE SERRURIER 24\\\/24 7\\\/7\",\"url\":\"https:\\\/\\\/intervention-serrurier-express.fr\\\/Accueil\\\/\",\"logo\":{\"@type\":\"ImageObject\",\"inLanguage\":\"fr-FR\",\"@id\":\"https:\\\/\\\/intervention-serrurier-express.fr\\\/Accueil\\\/#\\\/schema\\\/logo\\\/image\\\/\",\"url\":\"https:\\\/\\\/urgence-serrurier-montpellier.fr\\\/wp-content\\\/uploads\\\/2021\\\/06\\\/77.jpg\",\"contentUrl\":\"https:\\\/\\\/urgence-serrurier-montpellier.fr\\\/wp-content\\\/uploads\\\/2021\\\/06\\\/77.jpg\",\"width\":248,\"height\":203,\"caption\":\"URGENCE SERRURIER 24\\\/24 7\\\/7\"},\"image\":{\"@id\":\"https:\\\/\\\/intervention-serrurier-express.fr\\\/Accueil\\\/#\\\/schema\\\/logo\\\/image\\\/\"}}]}<\/script>\n<!-- \/ Yoast SEO plugin. -->","yoast_head_json":{"title":"Urgence D\u00e9pannage Serrurerie Vitrerie","robots":{"index":"index","follow":"follow","max-snippet":"max-snippet:-1","max-image-preview":"max-image-preview:large","max-video-preview":"max-video-preview:-1"},"canonical":"https:\/\/intervention-serrurier-express.fr\/Accueil\/about\/","og_locale":"fr_FR","og_type":"article","og_title":"Qui sommes nous ? - Urgence D\u00e9pannage Serrurerie Vitrerie","og_description":"Serrurier agr\u00e9\u00e9 assurance Afin d&rsquo;ob\u00e9ir aux besoins de notre client\u00e8le, notre&nbsp;entreprise de serrurerie&nbsp;sur Montpellier et intervenant sur l&rsquo;ensemble la r\u00e9gion vous garantit une prestation de qualit\u00e9. L&rsquo;expertise&nbsp;de notre serrurier touche tous les probl\u00e8mes li\u00e9s \u00e0 la serrurerie. Ce professionnalisme nous a permis de d\u00e9crocher des agr\u00e9ments avec la majorit\u00e9 des compagnies d&rsquo;assurance dont nous somme [&hellip;]","og_url":"https:\/\/intervention-serrurier-express.fr\/Accueil\/about\/","og_site_name":"Urgence D\u00e9pannage Serrurerie Vitrerie","og_image":[{"url":"http:\/\/serrurier34.local\/wp-content\/uploads\/2021\/05\/cropped-logo-2.png?w=512","type":"","width":"","height":""}],"twitter_card":"summary_large_image","twitter_misc":{"Dur\u00e9e de lecture estim\u00e9e":"1 minute"},"schema":{"@context":"https:\/\/schema.org","@graph":[{"@type":"WebPage","@id":"https:\/\/intervention-serrurier-express.fr\/Accueil\/about\/","url":"https:\/\/intervention-serrurier-express.fr\/Accueil\/about\/","name":"Qui sommes nous ? - Urgence D\u00e9pannage Serrurerie Vitrerie","isPartOf":{"@id":"https:\/\/intervention-serrurier-express.fr\/Accueil\/#website"},"primaryImageOfPage":{"@id":"https:\/\/intervention-serrurier-express.fr\/Accueil\/about\/#primaryimage"},"image":{"@id":"https:\/\/intervention-serrurier-express.fr\/Accueil\/about\/#primaryimage"},"thumbnailUrl":"http:\/\/serrurier34.local\/wp-content\/uploads\/2021\/05\/cropped-logo-2.png?w=512","datePublished":"2021-05-16T23:40:36+00:00","breadcrumb":{"@id":"https:\/\/intervention-serrurier-express.fr\/Accueil\/about\/#breadcrumb"},"inLanguage":"fr-FR","potentialAction":[{"@type":"ReadAction","target":["https:\/\/intervention-serrurier-express.fr\/Accueil\/about\/"]}]},{"@type":"ImageObject","inLanguage":"fr-FR","@id":"https:\/\/intervention-serrurier-express.fr\/Accueil\/about\/#primaryimage","url":"http:\/\/serrurier34.local\/wp-content\/uploads\/2021\/05\/cropped-logo-2.png?w=512","contentUrl":"http:\/\/serrurier34.local\/wp-content\/uploads\/2021\/05\/cropped-logo-2.png?w=512"},{"@type":"BreadcrumbList","@id":"https:\/\/intervention-serrurier-express.fr\/Accueil\/about\/#breadcrumb","itemListElement":[{"@type":"ListItem","position":1,"name":"Accueil","item":"https:\/\/intervention-serrurier-express.fr\/Accueil\/"},{"@type":"ListItem","position":2,"name":"Qui sommes nous ?"}]},{"@type":"WebSite","@id":"https:\/\/intervention-serrurier-express.fr\/Accueil\/#website","url":"https:\/\/intervention-serrurier-express.fr\/Accueil\/","name":"Urgence D\u00e9pannage Serrurerie Vitrerie","description":"Intervention Rapide 24h\/24 , 7j\/7","publisher":{"@id":"https:\/\/intervention-serrurier-express.fr\/Accueil\/#organization"},"potentialAction":[{"@type":"SearchAction","target":{"@type":"EntryPoint","urlTemplate":"https:\/\/intervention-serrurier-express.fr\/Accueil\/?s={search_term_string}"},"query-input":{"@type":"PropertyValueSpecification","valueRequired":true,"valueName":"search_term_string"}}],"inLanguage":"fr-FR"},{"@type":"Organization","@id":"https:\/\/intervention-serrurier-express.fr\/Accueil\/#organization","name":"URGENCE SERRURIER 24\/24 7\/7","url":"https:\/\/intervention-serrurier-express.fr\/Accueil\/","logo":{"@type":"ImageObject","inLanguage":"fr-FR","@id":"https:\/\/intervention-serrurier-express.fr\/Accueil\/#\/schema\/logo\/image\/","url":"https:\/\/urgence-serrurier-montpellier.fr\/wp-content\/uploads\/2021\/06\/77.jpg","contentUrl":"https:\/\/urgence-serrurier-montpellier.fr\/wp-content\/uploads\/2021\/06\/77.jpg","width":248,"height":203,"caption":"URGENCE SERRURIER 24\/24 7\/7"},"image":{"@id":"https:\/\/intervention-serrurier-express.fr\/Accueil\/#\/schema\/logo\/image\/"}}]}},"_links":{"self":[{"href":"https:\/\/intervention-serrurier-express.fr\/Accueil\/wp-json\/wp\/v2\/pages\/9","targetHints":{"allow":["GET"]}}],"collection":[{"href":"https:\/\/intervention-serrurier-express.fr\/Accueil\/wp-json\/wp\/v2\/pages"}],"about":[{"href":"https:\/\/intervention-serrurier-express.fr\/Accueil\/wp-json\/wp\/v2\/types\/page"}],"author":[{"embeddable":true,"href":"https:\/\/intervention-serrurier-express.fr\/Accueil\/wp-json\/wp\/v2\/users\/1"}],"replies":[{"embeddable":true,"href":"https:\/\/intervention-serrurier-express.fr\/Accueil\/wp-json\/wp\/v2\/comments?post=9"}],"version-history":[{"count":0,"href":"https:\/\/intervention-serrurier-express.fr\/Accueil\/wp-json\/wp\/v2\/pages\/9\/revisions"}],"wp:attachment":[{"href":"https:\/\/intervention-serrurier-express.fr\/Accueil\/wp-json\/wp\/v2\/media?parent=9"}],"curies":[{"name":"wp","href":"https:\/\/api.w.org\/{rel}","templated":true}]}}